
{"id":8889,"date":"2026-01-27T12:04:53","date_gmt":"2026-01-27T11:04:53","guid":{"rendered":"https:\/\/visitslavoniabaranja.com\/event\/sajam-antikviteta-u-osijeku\/"},"modified":"2026-04-13T09:34:18","modified_gmt":"2026-04-13T07:34:18","slug":"sajam-antikviteta-u-osijeku","status":"publish","type":"event_listing","link":"https:\/\/visitslavoniabaranja.com\/hu\/event\/sajam-antikviteta-u-osijeku\/","title":{"rendered":"R\u00e9gis\u00e9gpiac Esz\u00e9ken"},"content":{"rendered":"<p><strong>A h\u00f3nap minden els\u0151 szombatj\u00e1n 9 \u00e9s 14 \u00f3ra<\/strong> k\u00f6z\u00f6tt l\u00e1togasson el a Dr\u017eislav Kir\u00e1ly Parkba, \u00e9s tal\u00e1ljon egyedi t\u00e1rgyakat, p\u00e9ld\u00e1ul \u00e9kszereket, k\u00f6nyveket, k\u00e9preg\u00e9nyeket \u00e9s foly\u00f3iratokat, m\u0171v\u00e9szeti t\u00e1rgyakat \u00e9s m\u00e1s k\u00fcl\u00f6nf\u00e9le r\u00e9gis\u00e9geket a sok standon.<\/p>\n<p>A v\u00e1s\u00e1ron k\u00fcl\u00f6nf\u00e9le k\u00e9zm\u0171ves term\u00e9kek \u00e9s vid\u00e9ki gazdas\u00e1gok term\u00e9kei is megtal\u00e1lhat\u00f3k, p\u00e9ld\u00e1ul faj\u00e1t\u00e9kok, sajtok, gasztron\u00f3miai finoms\u00e1gok, borok, lekv\u00e1rok.<\/p>\n<p>A r\u00e9gis\u00e9gv\u00e1s\u00e1r egy kedvelt helyi rendezv\u00e9ny, ahol minden alkalommal tal\u00e1lsz valami \u00fajat, egyedit, \u00e9s a k\u00f6zeli \u00f3v\u00e1ros k\u00f6zpontj\u00e1ban zajl\u00f3 t\u00f6bb \u00e9vsz\u00e1zados v\u00e1s\u00e1ri hagyom\u00e1nyra \u00e9p\u00fcl.<\/p>\n<p>Megjegyz\u00e9s: A r\u00e9gis\u00e9gpiacot a Dr\u017eislav Kir\u00e1ly Parkban tartj\u00e1k, a HV H\u00e1z mellett, Tvr\u0111a \u00f3v\u00e1ros\u00e1val szemben, az \u00fat t\u00faloldal\u00e1n.<\/p>\n<p><em>K\u00f6vetkez\u0151 d\u00e1tumok 2026-ban: 2.5., 6.6., 4.7., 1.8., 5.9., 3.10., 7.11., 5.12.<\/em><\/p>\n<p>El\u00e9rhet\u0151s\u00e9g:<span style=\"font-size: revert;color: initial\">\u00a0<\/span><a style=\"font-size: revert\" href=\"https:\/\/trznicaos.hr\/kontakt\" target=\"_blank\" rel=\"noopener\">Tr\u017enica Osijek<\/a><\/p>\n","protected":false},"featured_media":18513,"template":"","meta":[],"event_listing_category":[169,168],"event_listing_type":[],"class_list":["post-8889","event_listing","type-event_listing","status-publish","has-post-thumbnail","hentry","event_listing_category-becsuletes","event_listing_category-hagyomany"],"acf":[],"yoast_head":"<!-- This site is optimized with the Yoast SEO plugin v25.0 - https:\/\/yoast.com\/wordpress\/plugins\/seo\/ -->\n<title>R\u00e9gis\u00e9gpiac Esz\u00e9ken - Eszek-baranya megye turisztikai kozossege<\/title>\n<meta name=\"robots\" content=\"index, follow, max-snippet:-1, max-image-preview:large, max-video-preview:-1\" \/>\n<link rel=\"canonical\" href=\"https:\/\/visitslavoniabaranja.com\/hu\/event\/sajam-antikviteta-u-osijeku\/\" \/>\n<meta property=\"og:locale\" content=\"hu_HU\" \/>\n<meta property=\"og:type\" content=\"article\" \/>\n<meta property=\"og:title\" content=\"R\u00e9gis\u00e9gpiac Esz\u00e9ken - Eszek-baranya megye turisztikai kozossege\" \/>\n<meta property=\"og:description\" content=\"A h\u00f3nap minden els\u0151 szombatj\u00e1n 9 \u00e9s 14 \u00f3ra k\u00f6z\u00f6tt l\u00e1togasson el a Dr\u017eislav Kir\u00e1ly Parkba, \u00e9s tal\u00e1ljon egyedi t\u00e1rgyakat, p\u00e9ld\u00e1ul \u00e9kszereket, k\u00f6nyveket, k\u00e9preg\u00e9nyeket \u00e9s foly\u00f3iratokat, m\u0171v\u00e9szeti t\u00e1rgyakat \u00e9s m\u00e1s k\u00fcl\u00f6nf\u00e9le r\u00e9gis\u00e9geket a sok standon. A v\u00e1s\u00e1ron k\u00fcl\u00f6nf\u00e9le k\u00e9zm\u0171ves term\u00e9kek \u00e9s vid\u00e9ki gazdas\u00e1gok term\u00e9kei is megtal\u00e1lhat\u00f3k, p\u00e9ld\u00e1ul faj\u00e1t\u00e9kok, sajtok, gasztron\u00f3miai finoms\u00e1gok, borok, lekv\u00e1rok. A r\u00e9gis\u00e9gv\u00e1s\u00e1r [&hellip;]\" \/>\n<meta property=\"og:url\" content=\"https:\/\/visitslavoniabaranja.com\/hu\/event\/sajam-antikviteta-u-osijeku\/\" \/>\n<meta property=\"og:site_name\" content=\"Eszek-baranya megye turisztikai kozossege\" \/>\n<meta property=\"article:modified_time\" content=\"2026-04-13T07:34:18+00:00\" \/>\n<meta property=\"og:image\" content=\"https:\/\/visitslavoniabaranja.com\/wp-content\/uploads\/2026\/01\/Sajam-antikviteta-u-Osijeku.jpg\" \/>\n\t<meta property=\"og:image:width\" content=\"2048\" \/>\n\t<meta property=\"og:image:height\" content=\"1536\" \/>\n\t<meta property=\"og:image:type\" content=\"image\/jpeg\" \/>\n<meta name=\"twitter:card\" content=\"summary_large_image\" \/>\n<meta name=\"twitter:label1\" content=\"Becs\u00fclt olvas\u00e1si id\u0151\" \/>\n\t<meta name=\"twitter:data1\" content=\"1 perc\" \/>\n<script type=\"application\/ld+json\" class=\"yoast-schema-graph\">{\"@context\":\"https:\/\/schema.org\",\"@graph\":[{\"@type\":\"WebPage\",\"@id\":\"https:\/\/visitslavoniabaranja.com\/hu\/event\/sajam-antikviteta-u-osijeku\/\",\"url\":\"https:\/\/visitslavoniabaranja.com\/hu\/event\/sajam-antikviteta-u-osijeku\/\",\"name\":\"R\u00e9gis\u00e9gpiac Esz\u00e9ken - Eszek-baranya megye turisztikai kozossege\",\"isPartOf\":{\"@id\":\"https:\/\/visitslavoniabaranja.com\/#website\"},\"primaryImageOfPage\":{\"@id\":\"https:\/\/visitslavoniabaranja.com\/hu\/event\/sajam-antikviteta-u-osijeku\/#primaryimage\"},\"image\":{\"@id\":\"https:\/\/visitslavoniabaranja.com\/hu\/event\/sajam-antikviteta-u-osijeku\/#primaryimage\"},\"thumbnailUrl\":\"https:\/\/visitslavoniabaranja.com\/wp-content\/uploads\/2026\/01\/Sajam-antikviteta-u-Osijeku.jpg\",\"datePublished\":\"2026-01-27T11:04:53+00:00\",\"dateModified\":\"2026-04-13T07:34:18+00:00\",\"breadcrumb\":{\"@id\":\"https:\/\/visitslavoniabaranja.com\/hu\/event\/sajam-antikviteta-u-osijeku\/#breadcrumb\"},\"inLanguage\":\"hu\",\"potentialAction\":[{\"@type\":\"ReadAction\",\"target\":[\"https:\/\/visitslavoniabaranja.com\/hu\/event\/sajam-antikviteta-u-osijeku\/\"]}]},{\"@type\":\"ImageObject\",\"inLanguage\":\"hu\",\"@id\":\"https:\/\/visitslavoniabaranja.com\/hu\/event\/sajam-antikviteta-u-osijeku\/#primaryimage\",\"url\":\"https:\/\/visitslavoniabaranja.com\/wp-content\/uploads\/2026\/01\/Sajam-antikviteta-u-Osijeku.jpg\",\"contentUrl\":\"https:\/\/visitslavoniabaranja.com\/wp-content\/uploads\/2026\/01\/Sajam-antikviteta-u-Osijeku.jpg\",\"width\":2048,\"height\":1536},{\"@type\":\"BreadcrumbList\",\"@id\":\"https:\/\/visitslavoniabaranja.com\/hu\/event\/sajam-antikviteta-u-osijeku\/#breadcrumb\",\"itemListElement\":[{\"@type\":\"ListItem\",\"position\":1,\"name\":\"Po\u010detna stranica\",\"item\":\"https:\/\/visitslavoniabaranja.com\/hu\/\"},{\"@type\":\"ListItem\",\"position\":2,\"name\":\"R\u00e9gis\u00e9gpiac Esz\u00e9ken\"}]},{\"@type\":\"WebSite\",\"@id\":\"https:\/\/visitslavoniabaranja.com\/#website\",\"url\":\"https:\/\/visitslavoniabaranja.com\/\",\"name\":\"Eszek-baranya megye turisztikai kozossege\",\"description\":\"\",\"potentialAction\":[{\"@type\":\"SearchAction\",\"target\":{\"@type\":\"EntryPoint\",\"urlTemplate\":\"https:\/\/visitslavoniabaranja.com\/?s={search_term_string}\"},\"query-input\":{\"@type\":\"PropertyValueSpecification\",\"valueRequired\":true,\"valueName\":\"search_term_string\"}}],\"inLanguage\":\"hu\"}]}<\/script>\n<!-- \/ Yoast SEO plugin. -->","yoast_head_json":{"title":"R\u00e9gis\u00e9gpiac Esz\u00e9ken - Eszek-baranya megye turisztikai kozossege","robots":{"index":"index","follow":"follow","max-snippet":"max-snippet:-1","max-image-preview":"max-image-preview:large","max-video-preview":"max-video-preview:-1"},"canonical":"https:\/\/visitslavoniabaranja.com\/hu\/event\/sajam-antikviteta-u-osijeku\/","og_locale":"hu_HU","og_type":"article","og_title":"R\u00e9gis\u00e9gpiac Esz\u00e9ken - Eszek-baranya megye turisztikai kozossege","og_description":"A h\u00f3nap minden els\u0151 szombatj\u00e1n 9 \u00e9s 14 \u00f3ra k\u00f6z\u00f6tt l\u00e1togasson el a Dr\u017eislav Kir\u00e1ly Parkba, \u00e9s tal\u00e1ljon egyedi t\u00e1rgyakat, p\u00e9ld\u00e1ul \u00e9kszereket, k\u00f6nyveket, k\u00e9preg\u00e9nyeket \u00e9s foly\u00f3iratokat, m\u0171v\u00e9szeti t\u00e1rgyakat \u00e9s m\u00e1s k\u00fcl\u00f6nf\u00e9le r\u00e9gis\u00e9geket a sok standon. A v\u00e1s\u00e1ron k\u00fcl\u00f6nf\u00e9le k\u00e9zm\u0171ves term\u00e9kek \u00e9s vid\u00e9ki gazdas\u00e1gok term\u00e9kei is megtal\u00e1lhat\u00f3k, p\u00e9ld\u00e1ul faj\u00e1t\u00e9kok, sajtok, gasztron\u00f3miai finoms\u00e1gok, borok, lekv\u00e1rok. A r\u00e9gis\u00e9gv\u00e1s\u00e1r [&hellip;]","og_url":"https:\/\/visitslavoniabaranja.com\/hu\/event\/sajam-antikviteta-u-osijeku\/","og_site_name":"Eszek-baranya megye turisztikai kozossege","article_modified_time":"2026-04-13T07:34:18+00:00","og_image":[{"width":2048,"height":1536,"url":"https:\/\/visitslavoniabaranja.com\/wp-content\/uploads\/2026\/01\/Sajam-antikviteta-u-Osijeku.jpg","type":"image\/jpeg"}],"twitter_card":"summary_large_image","twitter_misc":{"Becs\u00fclt olvas\u00e1si id\u0151":"1 perc"},"schema":{"@context":"https:\/\/schema.org","@graph":[{"@type":"WebPage","@id":"https:\/\/visitslavoniabaranja.com\/hu\/event\/sajam-antikviteta-u-osijeku\/","url":"https:\/\/visitslavoniabaranja.com\/hu\/event\/sajam-antikviteta-u-osijeku\/","name":"R\u00e9gis\u00e9gpiac Esz\u00e9ken - Eszek-baranya megye turisztikai kozossege","isPartOf":{"@id":"https:\/\/visitslavoniabaranja.com\/#website"},"primaryImageOfPage":{"@id":"https:\/\/visitslavoniabaranja.com\/hu\/event\/sajam-antikviteta-u-osijeku\/#primaryimage"},"image":{"@id":"https:\/\/visitslavoniabaranja.com\/hu\/event\/sajam-antikviteta-u-osijeku\/#primaryimage"},"thumbnailUrl":"https:\/\/visitslavoniabaranja.com\/wp-content\/uploads\/2026\/01\/Sajam-antikviteta-u-Osijeku.jpg","datePublished":"2026-01-27T11:04:53+00:00","dateModified":"2026-04-13T07:34:18+00:00","breadcrumb":{"@id":"https:\/\/visitslavoniabaranja.com\/hu\/event\/sajam-antikviteta-u-osijeku\/#breadcrumb"},"inLanguage":"hu","potentialAction":[{"@type":"ReadAction","target":["https:\/\/visitslavoniabaranja.com\/hu\/event\/sajam-antikviteta-u-osijeku\/"]}]},{"@type":"ImageObject","inLanguage":"hu","@id":"https:\/\/visitslavoniabaranja.com\/hu\/event\/sajam-antikviteta-u-osijeku\/#primaryimage","url":"https:\/\/visitslavoniabaranja.com\/wp-content\/uploads\/2026\/01\/Sajam-antikviteta-u-Osijeku.jpg","contentUrl":"https:\/\/visitslavoniabaranja.com\/wp-content\/uploads\/2026\/01\/Sajam-antikviteta-u-Osijeku.jpg","width":2048,"height":1536},{"@type":"BreadcrumbList","@id":"https:\/\/visitslavoniabaranja.com\/hu\/event\/sajam-antikviteta-u-osijeku\/#breadcrumb","itemListElement":[{"@type":"ListItem","position":1,"name":"Po\u010detna stranica","item":"https:\/\/visitslavoniabaranja.com\/hu\/"},{"@type":"ListItem","position":2,"name":"R\u00e9gis\u00e9gpiac Esz\u00e9ken"}]},{"@type":"WebSite","@id":"https:\/\/visitslavoniabaranja.com\/#website","url":"https:\/\/visitslavoniabaranja.com\/","name":"Eszek-baranya megye turisztikai kozossege","description":"","potentialAction":[{"@type":"SearchAction","target":{"@type":"EntryPoint","urlTemplate":"https:\/\/visitslavoniabaranja.com\/?s={search_term_string}"},"query-input":{"@type":"PropertyValueSpecification","valueRequired":true,"valueName":"search_term_string"}}],"inLanguage":"hu"}]}},"_links":{"self":[{"href":"https:\/\/visitslavoniabaranja.com\/hu\/wp-json\/wp\/v2\/event_listing\/8889","targetHints":{"allow":["GET"]}}],"collection":[{"href":"https:\/\/visitslavoniabaranja.com\/hu\/wp-json\/wp\/v2\/event_listing"}],"about":[{"href":"https:\/\/visitslavoniabaranja.com\/hu\/wp-json\/wp\/v2\/types\/event_listing"}],"wp:featuredmedia":[{"embeddable":true,"href":"https:\/\/visitslavoniabaranja.com\/hu\/wp-json\/wp\/v2\/media\/18513"}],"wp:attachment":[{"href":"https:\/\/visitslavoniabaranja.com\/hu\/wp-json\/wp\/v2\/media?parent=8889"}],"wp:term":[{"taxonomy":"event_listing_category","embeddable":true,"href":"https:\/\/visitslavoniabaranja.com\/hu\/wp-json\/wp\/v2\/event_listing_category?post=8889"},{"taxonomy":"event_listing_type","embeddable":true,"href":"https:\/\/visitslavoniabaranja.com\/hu\/wp-json\/wp\/v2\/event_listing_type?post=8889"}],"curies":[{"name":"wp","href":"https:\/\/api.w.org\/{rel}","templated":true}]}}

Régiségpiac Eszéken

<p><strong>A hónap minden első szombatján 9 és 14 óra</strong> között látogasson el a Držislav Király Parkba, és találjon egyedi tárgyakat, például ékszereket, könyveket, képregényeket és folyóiratokat, művészeti tárgyakat és más különféle régiségeket a sok standon.</p>
<p>A vásáron különféle kézműves termékek és vidéki gazdaságok termékei is megtalálhatók, például fajátékok, sajtok, gasztronómiai finomságok, borok, lekvárok.</p>
<p>A régiségvásár egy kedvelt helyi rendezvény, ahol minden alkalommal találsz valami újat, egyedit, és a közeli óváros központjában zajló több évszázados vásári hagyományra épül.</p>
<p>Megjegyzés: A régiségpiacot a Držislav Király Parkban tartják, a HV Ház mellett, Tvrđa óvárosával szemben, az út túloldalán.</p>
<p><em>Következő dátumok 2026-ban: 2.5., 6.6., 4.7., 1.8., 5.9., 3.10., 7.11., 5.12.</em></p>
<p>Elérhetőség:<span style="font-size: revert;color: initial"> </span><a style="font-size: revert" href="https://trznicaos.hr/kontakt" target="_blank" rel="noopener">Tržnica Osijek</a></p>

<!-- This site is optimized with the Yoast SEO plugin v25.0 - https://yoast.com/wordpress/plugins/seo/ -->
<title>Régiségpiac Eszéken - Eszek-baranya megye turisztikai kozossege</title>
<meta name="robots" content="index, follow, max-snippet:-1, max-image-preview:large, max-video-preview:-1" />
<link rel="canonical" href="https://visitslavoniabaranja.com/hu/event/sajam-antikviteta-u-osijeku/" />
<meta property="og:locale" content="hu_HU" />
<meta property="og:type" content="article" />
<meta property="og:title" content="Régiségpiac Eszéken - Eszek-baranya megye turisztikai kozossege" />
<meta property="og:description" content="A hónap minden első szombatján 9 és 14 óra között látogasson el a Držislav Király Parkba, és találjon egyedi tárgyakat, például ékszereket, könyveket, képregényeket és folyóiratokat, művészeti tárgyakat és más különféle régiségeket a sok standon. A vásáron különféle kézműves termékek és vidéki gazdaságok termékei is megtalálhatók, például fajátékok, sajtok, gasztronómiai finomságok, borok, lekvárok. A régiségvásár [&hellip;]" />
<meta property="og:url" content="https://visitslavoniabaranja.com/hu/event/sajam-antikviteta-u-osijeku/" />
<meta property="og:site_name" content="Eszek-baranya megye turisztikai kozossege" />
<meta property="article:modified_time" content="2026-04-13T07:34:18+00:00" />
<meta property="og:image" content="https://visitslavoniabaranja.com/wp-content/uploads/2026/01/Sajam-antikviteta-u-Osijeku.jpg" />
	<meta property="og:image:width" content="2048" />
	<meta property="og:image:height" content="1536" />
	<meta property="og:image:type" content="image/jpeg" />
<meta name="twitter:card" content="summary_large_image" />
<meta name="twitter:label1" content="Becsült olvasási idő" />
	<meta name="twitter:data1" content="1 perc" />
<script type="application/ld+json" class="yoast-schema-graph">{"@context":"https://schema.org","@graph":[{"@type":"WebPage","@id":"https://visitslavoniabaranja.com/hu/event/sajam-antikviteta-u-osijeku/","url":"https://visitslavoniabaranja.com/hu/event/sajam-antikviteta-u-osijeku/","name":"Régiségpiac Eszéken - Eszek-baranya megye turisztikai kozossege","isPartOf":{"@id":"https://visitslavoniabaranja.com/#website"},"primaryImageOfPage":{"@id":"https://visitslavoniabaranja.com/hu/event/sajam-antikviteta-u-osijeku/#primaryimage"},"image":{"@id":"https://visitslavoniabaranja.com/hu/event/sajam-antikviteta-u-osijeku/#primaryimage"},"thumbnailUrl":"https://visitslavoniabaranja.com/wp-content/uploads/2026/01/Sajam-antikviteta-u-Osijeku.jpg","datePublished":"2026-01-27T11:04:53+00:00","dateModified":"2026-04-13T07:34:18+00:00","breadcrumb":{"@id":"https://visitslavoniabaranja.com/hu/event/sajam-antikviteta-u-osijeku/#breadcrumb"},"inLanguage":"hu","potentialAction":[{"@type":"ReadAction","target":["https://visitslavoniabaranja.com/hu/event/sajam-antikviteta-u-osijeku/"]}]},{"@type":"ImageObject","inLanguage":"hu","@id":"https://visitslavoniabaranja.com/hu/event/sajam-antikviteta-u-osijeku/#primaryimage","url":"https://visitslavoniabaranja.com/wp-content/uploads/2026/01/Sajam-antikviteta-u-Osijeku.jpg","contentUrl":"https://visitslavoniabaranja.com/wp-content/uploads/2026/01/Sajam-antikviteta-u-Osijeku.jpg","width":2048,"height":1536},{"@type":"BreadcrumbList","@id":"https://visitslavoniabaranja.com/hu/event/sajam-antikviteta-u-osijeku/#breadcrumb","itemListElement":[{"@type":"ListItem","position":1,"name":"Početna stranica","item":"https://visitslavoniabaranja.com/hu/"},{"@type":"ListItem","position":2,"name":"Régiségpiac Eszéken"}]},{"@type":"WebSite","@id":"https://visitslavoniabaranja.com/#website","url":"https://visitslavoniabaranja.com/","name":"Eszek-baranya megye turisztikai kozossege","description":"","potentialAction":[{"@type":"SearchAction","target":{"@type":"EntryPoint","urlTemplate":"https://visitslavoniabaranja.com/?s={search_term_string}"},"query-input":{"@type":"PropertyValueSpecification","valueRequired":true,"valueName":"search_term_string"}}],"inLanguage":"hu"}]}</script>
<!-- / Yoast SEO plugin. -->

Régiségpiac Eszéken - Eszek-baranya megye turisztikai kozossege

A hónap minden első szombatján 9 és 14 óra között látogasson el a Držislav Király Parkba, és találjon egyedi tárgyakat, például ékszereket, könyveket, képregényeket és folyóiratokat, művészeti tárgyakat és más különféle régiségeket a sok standon. A vásáron különféle kézműves termékek és vidéki gazdaságok termékei is megtalálhatók, például fajátékok, sajtok, gasztronómiai finomságok, borok, lekvárok. A régiségvásár [&hellip;]

Početna stranica
