
{"id":13952,"date":"2026-04-01T15:48:18","date_gmt":"2026-04-01T13:48:18","guid":{"rendered":"https:\/\/visitslavoniabaranja.com\/event\/festival-cvijeca-i-drveca-u-osijeku\/"},"modified":"2025-04-28T00:17:51","modified_gmt":"2025-04-27T22:17:51","slug":"festival-cvijeca-i-drveca-u-osijeku","status":"expired","type":"event_listing","link":"https:\/\/visitslavoniabaranja.com\/hu\/event\/festival-cvijeca-i-drveca-u-osijeku\/","title":{"rendered":"Vir\u00e1g- \u00e9s Fafesztiv\u00e1l, Esz\u00e9k"},"content":{"rendered":"<p>A 8. Vir\u00e1g- \u00e9s Fafesztiv\u00e1l, amelyet 2025. \u00e1prilis 25. \u00e9s 27. k\u00f6z\u00f6tt rendeznek meg a Dr\u017eislav Kir\u00e1ly Parkban, gazdag programot hoz, amely a term\u00e9szetet, a fenntarthat\u00f3s\u00e1got \u00e9s az \u00f6sszetartoz\u00e1st \u00fcnnepli. A rendezv\u00e9ny c\u00e9lja, hogy felh\u00edvja a figyelmet a n\u00f6v\u00e9nyvil\u00e1g \u00e9s a term\u00e9szettel val\u00f3 egy\u00fctt\u00e9l\u00e9s fontoss\u00e1g\u00e1ra, a l\u00e1togat\u00f3k pedig k\u00fcl\u00f6nf\u00e9le, minden gener\u00e1ci\u00f3hoz igazod\u00f3 tev\u00e9kenys\u00e9get \u00e9lvezhetnek.<\/p>\n<p>A vir\u00e1gkedvel\u0151k, a pal\u00e1nt\u00e1k, vir\u00e1gok \u00e9s d\u00edszn\u00f6v\u00e9nyek sz\u00e9les v\u00e1laszt\u00e9k\u00e1t tal\u00e1lhatj\u00e1k meg, tapasztalt kert\u00e9szekkel elbesz\u00e9lgethetnek, \u00e9s megtanulhatj\u00e1k, hogyan kell gondozni a n\u00f6v\u00e9nyeket saj\u00e1t otthonukban vagy kertj\u00fckben. A fesztiv\u00e1l azonban nem csak \u00e9rt\u00e9kes\u00edt\u00e9si jelleg\u0171 \u2013 k\u00fcl\u00f6n hangs\u00falyt kap az oktat\u00e1s \u00e9s a kreativit\u00e1s.<\/p>\n<p>A legfiatalabb l\u00e1togat\u00f3k sz\u00e1m\u00e1ra sz\u00f3rakoztat\u00f3 \u00e9s ismeretterjeszt\u0151 m\u0171helyek k\u00e9sz\u00fclnek, ahol j\u00e1t\u00e9kon \u00e9s kreativit\u00e1son kereszt\u00fcl ismerkedhetnek meg a kert\u00e9szked\u00e9ssel, az \u00fajrahasznos\u00edt\u00e1ssal \u00e9s a term\u00e9szetv\u00e9delemmel. Emellett a hangulatot fiatal zen\u00e9szek \u00e9s t\u00e1ncosok fell\u00e9p\u00e9sei is sz\u00ednes\u00edtik, akik igazi tavaszi \u00fcnnepp\u00e9 var\u00e1zsolj\u00e1k a fesztiv\u00e1lt.<\/p>\n<p>Tov\u00e1bbi inform\u00e1ci\u00f3: <a href=\"https:\/\/www.tzosijek.hr\/stranica.php?id=1442\" target=\"_blank\" rel=\"noopener\">www.tzosijek.hr<\/a><\/p>\n","protected":false},"featured_media":19101,"template":"","meta":[],"event_listing_category":[169,162,168,163],"event_listing_type":[],"class_list":["post-13952","event_listing","type-event_listing","status-expired","has-post-thumbnail","hentry","event_listing_category-becsuletes","event_listing_category-fesztival","event_listing_category-hagyomany","event_listing_category-zene"],"acf":[],"yoast_head":"<!-- This site is optimized with the Yoast SEO plugin v25.0 - https:\/\/yoast.com\/wordpress\/plugins\/seo\/ -->\n<title>Vir\u00e1g- \u00e9s Fafesztiv\u00e1l, Esz\u00e9k - Eszek-baranya megye turisztikai kozossege<\/title>\n<meta name=\"robots\" content=\"index, follow, max-snippet:-1, max-image-preview:large, max-video-preview:-1\" \/>\n<link rel=\"canonical\" href=\"https:\/\/visitslavoniabaranja.com\/event\/festival-cvijeca-i-drveca-u-osijeku\/\" \/>\n<meta property=\"og:locale\" content=\"hu_HU\" \/>\n<meta property=\"og:type\" content=\"article\" \/>\n<meta property=\"og:title\" content=\"Vir\u00e1g- \u00e9s Fafesztiv\u00e1l, Esz\u00e9k - Eszek-baranya megye turisztikai kozossege\" \/>\n<meta property=\"og:description\" content=\"A 8. Vir\u00e1g- \u00e9s Fafesztiv\u00e1l, amelyet 2025. \u00e1prilis 25. \u00e9s 27. k\u00f6z\u00f6tt rendeznek meg a Dr\u017eislav Kir\u00e1ly Parkban, gazdag programot hoz, amely a term\u00e9szetet, a fenntarthat\u00f3s\u00e1got \u00e9s az \u00f6sszetartoz\u00e1st \u00fcnnepli. A rendezv\u00e9ny c\u00e9lja, hogy felh\u00edvja a figyelmet a n\u00f6v\u00e9nyvil\u00e1g \u00e9s a term\u00e9szettel val\u00f3 egy\u00fctt\u00e9l\u00e9s fontoss\u00e1g\u00e1ra, a l\u00e1togat\u00f3k pedig k\u00fcl\u00f6nf\u00e9le, minden gener\u00e1ci\u00f3hoz igazod\u00f3 tev\u00e9kenys\u00e9get \u00e9lvezhetnek. A [&hellip;]\" \/>\n<meta property=\"og:url\" content=\"https:\/\/visitslavoniabaranja.com\/event\/festival-cvijeca-i-drveca-u-osijeku\/\" \/>\n<meta property=\"og:site_name\" content=\"Eszek-baranya megye turisztikai kozossege\" \/>\n<meta property=\"og:image\" content=\"https:\/\/visitslavoniabaranja.com\/wp-content\/uploads\/2025\/04\/festivalcvijecanovo.jpg\" \/>\n\t<meta property=\"og:image:width\" content=\"800\" \/>\n\t<meta property=\"og:image:height\" content=\"600\" \/>\n\t<meta property=\"og:image:type\" content=\"image\/jpeg\" \/>\n<meta name=\"twitter:card\" content=\"summary_large_image\" \/>\n<meta name=\"twitter:label1\" content=\"Becs\u00fclt olvas\u00e1si id\u0151\" \/>\n\t<meta name=\"twitter:data1\" content=\"1 perc\" \/>\n<script type=\"application\/ld+json\" class=\"yoast-schema-graph\">{\"@context\":\"https:\/\/schema.org\",\"@graph\":[{\"@type\":\"WebPage\",\"@id\":\"https:\/\/visitslavoniabaranja.com\/event\/festival-cvijeca-i-drveca-u-osijeku\/\",\"url\":\"https:\/\/visitslavoniabaranja.com\/event\/festival-cvijeca-i-drveca-u-osijeku\/\",\"name\":\"Vir\u00e1g- \u00e9s Fafesztiv\u00e1l, Esz\u00e9k - Eszek-baranya megye turisztikai kozossege\",\"isPartOf\":{\"@id\":\"https:\/\/visitslavoniabaranja.com\/#website\"},\"primaryImageOfPage\":{\"@id\":\"https:\/\/visitslavoniabaranja.com\/event\/festival-cvijeca-i-drveca-u-osijeku\/#primaryimage\"},\"image\":{\"@id\":\"https:\/\/visitslavoniabaranja.com\/event\/festival-cvijeca-i-drveca-u-osijeku\/#primaryimage\"},\"thumbnailUrl\":\"https:\/\/visitslavoniabaranja.com\/wp-content\/uploads\/2026\/04\/TZOS_FestivalCvijeca26-Osijek.jpg\",\"datePublished\":\"2026-04-01T13:48:18+00:00\",\"breadcrumb\":{\"@id\":\"https:\/\/visitslavoniabaranja.com\/event\/festival-cvijeca-i-drveca-u-osijeku\/#breadcrumb\"},\"inLanguage\":\"hu\",\"potentialAction\":[{\"@type\":\"ReadAction\",\"target\":[\"https:\/\/visitslavoniabaranja.com\/event\/festival-cvijeca-i-drveca-u-osijeku\/\"]}]},{\"@type\":\"ImageObject\",\"inLanguage\":\"hu\",\"@id\":\"https:\/\/visitslavoniabaranja.com\/event\/festival-cvijeca-i-drveca-u-osijeku\/#primaryimage\",\"url\":\"https:\/\/visitslavoniabaranja.com\/wp-content\/uploads\/2026\/04\/TZOS_FestivalCvijeca26-Osijek.jpg\",\"contentUrl\":\"https:\/\/visitslavoniabaranja.com\/wp-content\/uploads\/2026\/04\/TZOS_FestivalCvijeca26-Osijek.jpg\",\"width\":800,\"height\":600},{\"@type\":\"BreadcrumbList\",\"@id\":\"https:\/\/visitslavoniabaranja.com\/event\/festival-cvijeca-i-drveca-u-osijeku\/#breadcrumb\",\"itemListElement\":[{\"@type\":\"ListItem\",\"position\":1,\"name\":\"Po\u010detna stranica\",\"item\":\"https:\/\/visitslavoniabaranja.com\/hu\/\"},{\"@type\":\"ListItem\",\"position\":2,\"name\":\"Vir\u00e1g- \u00e9s Fafesztiv\u00e1l, Esz\u00e9k\"}]},{\"@type\":\"WebSite\",\"@id\":\"https:\/\/visitslavoniabaranja.com\/#website\",\"url\":\"https:\/\/visitslavoniabaranja.com\/\",\"name\":\"Eszek-baranya megye turisztikai kozossege\",\"description\":\"\",\"potentialAction\":[{\"@type\":\"SearchAction\",\"target\":{\"@type\":\"EntryPoint\",\"urlTemplate\":\"https:\/\/visitslavoniabaranja.com\/?s={search_term_string}\"},\"query-input\":{\"@type\":\"PropertyValueSpecification\",\"valueRequired\":true,\"valueName\":\"search_term_string\"}}],\"inLanguage\":\"hu\"}]}<\/script>\n<!-- \/ Yoast SEO plugin. -->","yoast_head_json":{"title":"Vir\u00e1g- \u00e9s Fafesztiv\u00e1l, Esz\u00e9k - Eszek-baranya megye turisztikai kozossege","robots":{"index":"index","follow":"follow","max-snippet":"max-snippet:-1","max-image-preview":"max-image-preview:large","max-video-preview":"max-video-preview:-1"},"canonical":"https:\/\/visitslavoniabaranja.com\/event\/festival-cvijeca-i-drveca-u-osijeku\/","og_locale":"hu_HU","og_type":"article","og_title":"Vir\u00e1g- \u00e9s Fafesztiv\u00e1l, Esz\u00e9k - Eszek-baranya megye turisztikai kozossege","og_description":"A 8. Vir\u00e1g- \u00e9s Fafesztiv\u00e1l, amelyet 2025. \u00e1prilis 25. \u00e9s 27. k\u00f6z\u00f6tt rendeznek meg a Dr\u017eislav Kir\u00e1ly Parkban, gazdag programot hoz, amely a term\u00e9szetet, a fenntarthat\u00f3s\u00e1got \u00e9s az \u00f6sszetartoz\u00e1st \u00fcnnepli. A rendezv\u00e9ny c\u00e9lja, hogy felh\u00edvja a figyelmet a n\u00f6v\u00e9nyvil\u00e1g \u00e9s a term\u00e9szettel val\u00f3 egy\u00fctt\u00e9l\u00e9s fontoss\u00e1g\u00e1ra, a l\u00e1togat\u00f3k pedig k\u00fcl\u00f6nf\u00e9le, minden gener\u00e1ci\u00f3hoz igazod\u00f3 tev\u00e9kenys\u00e9get \u00e9lvezhetnek. A [&hellip;]","og_url":"https:\/\/visitslavoniabaranja.com\/event\/festival-cvijeca-i-drveca-u-osijeku\/","og_site_name":"Eszek-baranya megye turisztikai kozossege","og_image":[{"width":800,"height":600,"url":"https:\/\/visitslavoniabaranja.com\/wp-content\/uploads\/2025\/04\/festivalcvijecanovo.jpg","type":"image\/jpeg"}],"twitter_card":"summary_large_image","twitter_misc":{"Becs\u00fclt olvas\u00e1si id\u0151":"1 perc"},"schema":{"@context":"https:\/\/schema.org","@graph":[{"@type":"WebPage","@id":"https:\/\/visitslavoniabaranja.com\/event\/festival-cvijeca-i-drveca-u-osijeku\/","url":"https:\/\/visitslavoniabaranja.com\/event\/festival-cvijeca-i-drveca-u-osijeku\/","name":"Vir\u00e1g- \u00e9s Fafesztiv\u00e1l, Esz\u00e9k - Eszek-baranya megye turisztikai kozossege","isPartOf":{"@id":"https:\/\/visitslavoniabaranja.com\/#website"},"primaryImageOfPage":{"@id":"https:\/\/visitslavoniabaranja.com\/event\/festival-cvijeca-i-drveca-u-osijeku\/#primaryimage"},"image":{"@id":"https:\/\/visitslavoniabaranja.com\/event\/festival-cvijeca-i-drveca-u-osijeku\/#primaryimage"},"thumbnailUrl":"https:\/\/visitslavoniabaranja.com\/wp-content\/uploads\/2026\/04\/TZOS_FestivalCvijeca26-Osijek.jpg","datePublished":"2026-04-01T13:48:18+00:00","breadcrumb":{"@id":"https:\/\/visitslavoniabaranja.com\/event\/festival-cvijeca-i-drveca-u-osijeku\/#breadcrumb"},"inLanguage":"hu","potentialAction":[{"@type":"ReadAction","target":["https:\/\/visitslavoniabaranja.com\/event\/festival-cvijeca-i-drveca-u-osijeku\/"]}]},{"@type":"ImageObject","inLanguage":"hu","@id":"https:\/\/visitslavoniabaranja.com\/event\/festival-cvijeca-i-drveca-u-osijeku\/#primaryimage","url":"https:\/\/visitslavoniabaranja.com\/wp-content\/uploads\/2026\/04\/TZOS_FestivalCvijeca26-Osijek.jpg","contentUrl":"https:\/\/visitslavoniabaranja.com\/wp-content\/uploads\/2026\/04\/TZOS_FestivalCvijeca26-Osijek.jpg","width":800,"height":600},{"@type":"BreadcrumbList","@id":"https:\/\/visitslavoniabaranja.com\/event\/festival-cvijeca-i-drveca-u-osijeku\/#breadcrumb","itemListElement":[{"@type":"ListItem","position":1,"name":"Po\u010detna stranica","item":"https:\/\/visitslavoniabaranja.com\/hu\/"},{"@type":"ListItem","position":2,"name":"Vir\u00e1g- \u00e9s Fafesztiv\u00e1l, Esz\u00e9k"}]},{"@type":"WebSite","@id":"https:\/\/visitslavoniabaranja.com\/#website","url":"https:\/\/visitslavoniabaranja.com\/","name":"Eszek-baranya megye turisztikai kozossege","description":"","potentialAction":[{"@type":"SearchAction","target":{"@type":"EntryPoint","urlTemplate":"https:\/\/visitslavoniabaranja.com\/?s={search_term_string}"},"query-input":{"@type":"PropertyValueSpecification","valueRequired":true,"valueName":"search_term_string"}}],"inLanguage":"hu"}]}},"_links":{"self":[{"href":"https:\/\/visitslavoniabaranja.com\/hu\/wp-json\/wp\/v2\/event_listing\/13952","targetHints":{"allow":["GET"]}}],"collection":[{"href":"https:\/\/visitslavoniabaranja.com\/hu\/wp-json\/wp\/v2\/event_listing"}],"about":[{"href":"https:\/\/visitslavoniabaranja.com\/hu\/wp-json\/wp\/v2\/types\/event_listing"}],"wp:featuredmedia":[{"embeddable":true,"href":"https:\/\/visitslavoniabaranja.com\/hu\/wp-json\/wp\/v2\/media\/19101"}],"wp:attachment":[{"href":"https:\/\/visitslavoniabaranja.com\/hu\/wp-json\/wp\/v2\/media?parent=13952"}],"wp:term":[{"taxonomy":"event_listing_category","embeddable":true,"href":"https:\/\/visitslavoniabaranja.com\/hu\/wp-json\/wp\/v2\/event_listing_category?post=13952"},{"taxonomy":"event_listing_type","embeddable":true,"href":"https:\/\/visitslavoniabaranja.com\/hu\/wp-json\/wp\/v2\/event_listing_type?post=13952"}],"curies":[{"name":"wp","href":"https:\/\/api.w.org\/{rel}","templated":true}]}}

Virág- és Fafesztivál, Eszék

<p>A 8. Virág- és Fafesztivál, amelyet 2025. április 25. és 27. között rendeznek meg a Držislav Király Parkban, gazdag programot hoz, amely a természetet, a fenntarthatóságot és az összetartozást ünnepli. A rendezvény célja, hogy felhívja a figyelmet a növényvilág és a természettel való együttélés fontosságára, a látogatók pedig különféle, minden generációhoz igazodó tevékenységet élvezhetnek.</p>
<p>A virágkedvelők, a palánták, virágok és dísznövények széles választékát találhatják meg, tapasztalt kertészekkel elbeszélgethetnek, és megtanulhatják, hogyan kell gondozni a növényeket saját otthonukban vagy kertjükben. A fesztivál azonban nem csak értékesítési jellegű – külön hangsúlyt kap az oktatás és a kreativitás.</p>
<p>A legfiatalabb látogatók számára szórakoztató és ismeretterjesztő műhelyek készülnek, ahol játékon és kreativitáson keresztül ismerkedhetnek meg a kertészkedéssel, az újrahasznosítással és a természetvédelemmel. Emellett a hangulatot fiatal zenészek és táncosok fellépései is színesítik, akik igazi tavaszi ünneppé varázsolják a fesztivált.</p>
<p>További információ: <a href="https://www.tzosijek.hr/stranica.php?id=1442" target="_blank" rel="noopener">www.tzosijek.hr</a></p>

<!-- This site is optimized with the Yoast SEO plugin v25.0 - https://yoast.com/wordpress/plugins/seo/ -->
<title>Virág- és Fafesztivál, Eszék - Eszek-baranya megye turisztikai kozossege</title>
<meta name="robots" content="index, follow, max-snippet:-1, max-image-preview:large, max-video-preview:-1" />
<link rel="canonical" href="https://visitslavoniabaranja.com/event/festival-cvijeca-i-drveca-u-osijeku/" />
<meta property="og:locale" content="hu_HU" />
<meta property="og:type" content="article" />
<meta property="og:title" content="Virág- és Fafesztivál, Eszék - Eszek-baranya megye turisztikai kozossege" />
<meta property="og:description" content="A 8. Virág- és Fafesztivál, amelyet 2025. április 25. és 27. között rendeznek meg a Držislav Király Parkban, gazdag programot hoz, amely a természetet, a fenntarthatóságot és az összetartozást ünnepli. A rendezvény célja, hogy felhívja a figyelmet a növényvilág és a természettel való együttélés fontosságára, a látogatók pedig különféle, minden generációhoz igazodó tevékenységet élvezhetnek. A [&hellip;]" />
<meta property="og:url" content="https://visitslavoniabaranja.com/event/festival-cvijeca-i-drveca-u-osijeku/" />
<meta property="og:site_name" content="Eszek-baranya megye turisztikai kozossege" />
<meta property="og:image" content="https://visitslavoniabaranja.com/wp-content/uploads/2025/04/festivalcvijecanovo.jpg" />
	<meta property="og:image:width" content="800" />
	<meta property="og:image:height" content="600" />
	<meta property="og:image:type" content="image/jpeg" />
<meta name="twitter:card" content="summary_large_image" />
<meta name="twitter:label1" content="Becsült olvasási idő" />
	<meta name="twitter:data1" content="1 perc" />
<script type="application/ld+json" class="yoast-schema-graph">{"@context":"https://schema.org","@graph":[{"@type":"WebPage","@id":"https://visitslavoniabaranja.com/event/festival-cvijeca-i-drveca-u-osijeku/","url":"https://visitslavoniabaranja.com/event/festival-cvijeca-i-drveca-u-osijeku/","name":"Virág- és Fafesztivál, Eszék - Eszek-baranya megye turisztikai kozossege","isPartOf":{"@id":"https://visitslavoniabaranja.com/#website"},"primaryImageOfPage":{"@id":"https://visitslavoniabaranja.com/event/festival-cvijeca-i-drveca-u-osijeku/#primaryimage"},"image":{"@id":"https://visitslavoniabaranja.com/event/festival-cvijeca-i-drveca-u-osijeku/#primaryimage"},"thumbnailUrl":"https://visitslavoniabaranja.com/wp-content/uploads/2026/04/TZOS_FestivalCvijeca26-Osijek.jpg","datePublished":"2026-04-01T13:48:18+00:00","breadcrumb":{"@id":"https://visitslavoniabaranja.com/event/festival-cvijeca-i-drveca-u-osijeku/#breadcrumb"},"inLanguage":"hu","potentialAction":[{"@type":"ReadAction","target":["https://visitslavoniabaranja.com/event/festival-cvijeca-i-drveca-u-osijeku/"]}]},{"@type":"ImageObject","inLanguage":"hu","@id":"https://visitslavoniabaranja.com/event/festival-cvijeca-i-drveca-u-osijeku/#primaryimage","url":"https://visitslavoniabaranja.com/wp-content/uploads/2026/04/TZOS_FestivalCvijeca26-Osijek.jpg","contentUrl":"https://visitslavoniabaranja.com/wp-content/uploads/2026/04/TZOS_FestivalCvijeca26-Osijek.jpg","width":800,"height":600},{"@type":"BreadcrumbList","@id":"https://visitslavoniabaranja.com/event/festival-cvijeca-i-drveca-u-osijeku/#breadcrumb","itemListElement":[{"@type":"ListItem","position":1,"name":"Početna stranica","item":"https://visitslavoniabaranja.com/hu/"},{"@type":"ListItem","position":2,"name":"Virág- és Fafesztivál, Eszék"}]},{"@type":"WebSite","@id":"https://visitslavoniabaranja.com/#website","url":"https://visitslavoniabaranja.com/","name":"Eszek-baranya megye turisztikai kozossege","description":"","potentialAction":[{"@type":"SearchAction","target":{"@type":"EntryPoint","urlTemplate":"https://visitslavoniabaranja.com/?s={search_term_string}"},"query-input":{"@type":"PropertyValueSpecification","valueRequired":true,"valueName":"search_term_string"}}],"inLanguage":"hu"}]}</script>
<!-- / Yoast SEO plugin. -->

Virág- és Fafesztivál, Eszék - Eszek-baranya megye turisztikai kozossege

A 8. Virág- és Fafesztivál, amelyet 2025. április 25. és 27. között rendeznek meg a Držislav Király Parkban, gazdag programot hoz, amely a természetet, a fenntarthatóságot és az összetartozást ünnepli. A rendezvény célja, hogy felhívja a figyelmet a növényvilág és a természettel való együttélés fontosságára, a látogatók pedig különféle, minden generációhoz igazodó tevékenységet élvezhetnek. A [&hellip;]

Početna stranica
