
{"id":13950,"date":"2026-04-01T15:48:18","date_gmt":"2026-04-01T13:48:18","guid":{"rendered":"https:\/\/visitslavoniabaranja.com\/event\/festival-cvijeca-i-drveca-u-osijeku\/"},"modified":"2025-04-28T00:17:50","modified_gmt":"2025-04-27T22:17:50","slug":"festival-cvijeca-i-drveca-u-osijeku","status":"expired","type":"event_listing","link":"https:\/\/visitslavoniabaranja.com\/en\/event\/festival-cvijeca-i-drveca-u-osijeku\/","title":{"rendered":"Flower and Tree Festival, Osijek"},"content":{"rendered":"<p>The <strong>8th Flower and Tree Festival<\/strong>, which will be held in King Dr\u017eislav Park from <strong>25 to 27 April 2025<\/strong>, brings a rich program that celebrates nature, sustainability and togetherness. It is held with the aim of raising awareness of the importance of plant life and coexistence with nature, and visitors will have the opportunity to enjoy a variety of activities adapted to all generations.<\/p>\n<p>Flower lovers will be able to find a wide range of seedlings, flowers and ornamental plants, consult with experienced gardeners and learn how to care for plants in their own home or garden. But the festival is not only about sales &#8211; special emphasis is placed on education and creativity.<\/p>\n<p>Fun and educational workshops have been prepared for the youngest visitors, where they will learn about gardening, recycling and nature conservation through play and creative work. In addition, the atmosphere will be enriched by performances by young musicians and dancers, who will turn the festival into a true spring celebration.<\/p>\n<p>More information: <a style=\"font-size: revert\" href=\"https:\/\/www.tzosijek.hr\/stranica.php?id=1442\" target=\"_blank\" rel=\"noopener\">www.tzosijek.hr<\/a><\/p>\n","protected":false},"featured_media":19099,"template":"","meta":[],"event_listing_category":[161,155,156,154],"event_listing_type":[],"class_list":["post-13950","event_listing","type-event_listing","status-expired","has-post-thumbnail","hentry","event_listing_category-fair","event_listing_category-festival-en","event_listing_category-music","event_listing_category-tradition"],"acf":[],"yoast_head":"<!-- This site is optimized with the Yoast SEO plugin v25.0 - https:\/\/yoast.com\/wordpress\/plugins\/seo\/ -->\n<title>Flower and Tree Festival, Osijek - Turisti\u010dka zajednica Osje\u010dko-baranjske \u017eupanije<\/title>\n<meta name=\"robots\" content=\"index, follow, max-snippet:-1, max-image-preview:large, max-video-preview:-1\" \/>\n<link rel=\"canonical\" href=\"https:\/\/visitslavoniabaranja.com\/event\/festival-cvijeca-i-drveca-u-osijeku\/\" \/>\n<meta property=\"og:locale\" content=\"en_US\" \/>\n<meta property=\"og:type\" content=\"article\" \/>\n<meta property=\"og:title\" content=\"Flower and Tree Festival, Osijek - Turisti\u010dka zajednica Osje\u010dko-baranjske \u017eupanije\" \/>\n<meta property=\"og:description\" content=\"The 8th Flower and Tree Festival, which will be held in King Dr\u017eislav Park from 25 to 27 April 2025, brings a rich program that celebrates nature, sustainability and togetherness. It is held with the aim of raising awareness of the importance of plant life and coexistence with nature, and visitors will have the opportunity [&hellip;]\" \/>\n<meta property=\"og:url\" content=\"https:\/\/visitslavoniabaranja.com\/event\/festival-cvijeca-i-drveca-u-osijeku\/\" \/>\n<meta property=\"og:site_name\" content=\"Turisti\u010dka zajednica Osje\u010dko-baranjske \u017eupanije\" \/>\n<meta property=\"og:image\" content=\"https:\/\/visitslavoniabaranja.com\/wp-content\/uploads\/2025\/04\/festivalcvijecanovo.jpg\" \/>\n\t<meta property=\"og:image:width\" content=\"800\" \/>\n\t<meta property=\"og:image:height\" content=\"600\" \/>\n\t<meta property=\"og:image:type\" content=\"image\/jpeg\" \/>\n<meta name=\"twitter:card\" content=\"summary_large_image\" \/>\n<meta name=\"twitter:label1\" content=\"Est. reading time\" \/>\n\t<meta name=\"twitter:data1\" content=\"1 minute\" \/>\n<script type=\"application\/ld+json\" class=\"yoast-schema-graph\">{\"@context\":\"https:\/\/schema.org\",\"@graph\":[{\"@type\":\"WebPage\",\"@id\":\"https:\/\/visitslavoniabaranja.com\/event\/festival-cvijeca-i-drveca-u-osijeku\/\",\"url\":\"https:\/\/visitslavoniabaranja.com\/event\/festival-cvijeca-i-drveca-u-osijeku\/\",\"name\":\"Flower and Tree Festival, Osijek - Turisti\u010dka zajednica Osje\u010dko-baranjske \u017eupanije\",\"isPartOf\":{\"@id\":\"https:\/\/visitslavoniabaranja.com\/#website\"},\"primaryImageOfPage\":{\"@id\":\"https:\/\/visitslavoniabaranja.com\/event\/festival-cvijeca-i-drveca-u-osijeku\/#primaryimage\"},\"image\":{\"@id\":\"https:\/\/visitslavoniabaranja.com\/event\/festival-cvijeca-i-drveca-u-osijeku\/#primaryimage\"},\"thumbnailUrl\":\"https:\/\/visitslavoniabaranja.com\/wp-content\/uploads\/2026\/04\/TZOS_FestivalCvijeca26-Osijek.jpg\",\"datePublished\":\"2026-04-01T13:48:18+00:00\",\"breadcrumb\":{\"@id\":\"https:\/\/visitslavoniabaranja.com\/event\/festival-cvijeca-i-drveca-u-osijeku\/#breadcrumb\"},\"inLanguage\":\"en-US\",\"potentialAction\":[{\"@type\":\"ReadAction\",\"target\":[\"https:\/\/visitslavoniabaranja.com\/event\/festival-cvijeca-i-drveca-u-osijeku\/\"]}]},{\"@type\":\"ImageObject\",\"inLanguage\":\"en-US\",\"@id\":\"https:\/\/visitslavoniabaranja.com\/event\/festival-cvijeca-i-drveca-u-osijeku\/#primaryimage\",\"url\":\"https:\/\/visitslavoniabaranja.com\/wp-content\/uploads\/2026\/04\/TZOS_FestivalCvijeca26-Osijek.jpg\",\"contentUrl\":\"https:\/\/visitslavoniabaranja.com\/wp-content\/uploads\/2026\/04\/TZOS_FestivalCvijeca26-Osijek.jpg\",\"width\":800,\"height\":600},{\"@type\":\"BreadcrumbList\",\"@id\":\"https:\/\/visitslavoniabaranja.com\/event\/festival-cvijeca-i-drveca-u-osijeku\/#breadcrumb\",\"itemListElement\":[{\"@type\":\"ListItem\",\"position\":1,\"name\":\"Po\u010detna stranica\",\"item\":\"https:\/\/visitslavoniabaranja.com\/en\/\"},{\"@type\":\"ListItem\",\"position\":2,\"name\":\"Flower and Tree Festival, Osijek\"}]},{\"@type\":\"WebSite\",\"@id\":\"https:\/\/visitslavoniabaranja.com\/#website\",\"url\":\"https:\/\/visitslavoniabaranja.com\/\",\"name\":\"Turisti\u010dka zajednica Osje\u010dko-baranjske \u017eupanije\",\"description\":\"\",\"potentialAction\":[{\"@type\":\"SearchAction\",\"target\":{\"@type\":\"EntryPoint\",\"urlTemplate\":\"https:\/\/visitslavoniabaranja.com\/?s={search_term_string}\"},\"query-input\":{\"@type\":\"PropertyValueSpecification\",\"valueRequired\":true,\"valueName\":\"search_term_string\"}}],\"inLanguage\":\"en-US\"}]}<\/script>\n<!-- \/ Yoast SEO plugin. -->","yoast_head_json":{"title":"Flower and Tree Festival, Osijek - Turisti\u010dka zajednica Osje\u010dko-baranjske \u017eupanije","robots":{"index":"index","follow":"follow","max-snippet":"max-snippet:-1","max-image-preview":"max-image-preview:large","max-video-preview":"max-video-preview:-1"},"canonical":"https:\/\/visitslavoniabaranja.com\/event\/festival-cvijeca-i-drveca-u-osijeku\/","og_locale":"en_US","og_type":"article","og_title":"Flower and Tree Festival, Osijek - Turisti\u010dka zajednica Osje\u010dko-baranjske \u017eupanije","og_description":"The 8th Flower and Tree Festival, which will be held in King Dr\u017eislav Park from 25 to 27 April 2025, brings a rich program that celebrates nature, sustainability and togetherness. It is held with the aim of raising awareness of the importance of plant life and coexistence with nature, and visitors will have the opportunity [&hellip;]","og_url":"https:\/\/visitslavoniabaranja.com\/event\/festival-cvijeca-i-drveca-u-osijeku\/","og_site_name":"Turisti\u010dka zajednica Osje\u010dko-baranjske \u017eupanije","og_image":[{"width":800,"height":600,"url":"https:\/\/visitslavoniabaranja.com\/wp-content\/uploads\/2025\/04\/festivalcvijecanovo.jpg","type":"image\/jpeg"}],"twitter_card":"summary_large_image","twitter_misc":{"Est. reading time":"1 minute"},"schema":{"@context":"https:\/\/schema.org","@graph":[{"@type":"WebPage","@id":"https:\/\/visitslavoniabaranja.com\/event\/festival-cvijeca-i-drveca-u-osijeku\/","url":"https:\/\/visitslavoniabaranja.com\/event\/festival-cvijeca-i-drveca-u-osijeku\/","name":"Flower and Tree Festival, Osijek - Turisti\u010dka zajednica Osje\u010dko-baranjske \u017eupanije","isPartOf":{"@id":"https:\/\/visitslavoniabaranja.com\/#website"},"primaryImageOfPage":{"@id":"https:\/\/visitslavoniabaranja.com\/event\/festival-cvijeca-i-drveca-u-osijeku\/#primaryimage"},"image":{"@id":"https:\/\/visitslavoniabaranja.com\/event\/festival-cvijeca-i-drveca-u-osijeku\/#primaryimage"},"thumbnailUrl":"https:\/\/visitslavoniabaranja.com\/wp-content\/uploads\/2026\/04\/TZOS_FestivalCvijeca26-Osijek.jpg","datePublished":"2026-04-01T13:48:18+00:00","breadcrumb":{"@id":"https:\/\/visitslavoniabaranja.com\/event\/festival-cvijeca-i-drveca-u-osijeku\/#breadcrumb"},"inLanguage":"en-US","potentialAction":[{"@type":"ReadAction","target":["https:\/\/visitslavoniabaranja.com\/event\/festival-cvijeca-i-drveca-u-osijeku\/"]}]},{"@type":"ImageObject","inLanguage":"en-US","@id":"https:\/\/visitslavoniabaranja.com\/event\/festival-cvijeca-i-drveca-u-osijeku\/#primaryimage","url":"https:\/\/visitslavoniabaranja.com\/wp-content\/uploads\/2026\/04\/TZOS_FestivalCvijeca26-Osijek.jpg","contentUrl":"https:\/\/visitslavoniabaranja.com\/wp-content\/uploads\/2026\/04\/TZOS_FestivalCvijeca26-Osijek.jpg","width":800,"height":600},{"@type":"BreadcrumbList","@id":"https:\/\/visitslavoniabaranja.com\/event\/festival-cvijeca-i-drveca-u-osijeku\/#breadcrumb","itemListElement":[{"@type":"ListItem","position":1,"name":"Po\u010detna stranica","item":"https:\/\/visitslavoniabaranja.com\/en\/"},{"@type":"ListItem","position":2,"name":"Flower and Tree Festival, Osijek"}]},{"@type":"WebSite","@id":"https:\/\/visitslavoniabaranja.com\/#website","url":"https:\/\/visitslavoniabaranja.com\/","name":"Turisti\u010dka zajednica Osje\u010dko-baranjske \u017eupanije","description":"","potentialAction":[{"@type":"SearchAction","target":{"@type":"EntryPoint","urlTemplate":"https:\/\/visitslavoniabaranja.com\/?s={search_term_string}"},"query-input":{"@type":"PropertyValueSpecification","valueRequired":true,"valueName":"search_term_string"}}],"inLanguage":"en-US"}]}},"_links":{"self":[{"href":"https:\/\/visitslavoniabaranja.com\/en\/wp-json\/wp\/v2\/event_listing\/13950","targetHints":{"allow":["GET"]}}],"collection":[{"href":"https:\/\/visitslavoniabaranja.com\/en\/wp-json\/wp\/v2\/event_listing"}],"about":[{"href":"https:\/\/visitslavoniabaranja.com\/en\/wp-json\/wp\/v2\/types\/event_listing"}],"wp:featuredmedia":[{"embeddable":true,"href":"https:\/\/visitslavoniabaranja.com\/en\/wp-json\/wp\/v2\/media\/19099"}],"wp:attachment":[{"href":"https:\/\/visitslavoniabaranja.com\/en\/wp-json\/wp\/v2\/media?parent=13950"}],"wp:term":[{"taxonomy":"event_listing_category","embeddable":true,"href":"https:\/\/visitslavoniabaranja.com\/en\/wp-json\/wp\/v2\/event_listing_category?post=13950"},{"taxonomy":"event_listing_type","embeddable":true,"href":"https:\/\/visitslavoniabaranja.com\/en\/wp-json\/wp\/v2\/event_listing_type?post=13950"}],"curies":[{"name":"wp","href":"https:\/\/api.w.org\/{rel}","templated":true}]}}

<p>The <strong>8th Flower and Tree Festival</strong>, which will be held in King Držislav Park from <strong>25 to 27 April 2025</strong>, brings a rich program that celebrates nature, sustainability and togetherness. It is held with the aim of raising awareness of the importance of plant life and coexistence with nature, and visitors will have the opportunity to enjoy a variety of activities adapted to all generations.</p>
<p>Flower lovers will be able to find a wide range of seedlings, flowers and ornamental plants, consult with experienced gardeners and learn how to care for plants in their own home or garden. But the festival is not only about sales &#8211; special emphasis is placed on education and creativity.</p>
<p>Fun and educational workshops have been prepared for the youngest visitors, where they will learn about gardening, recycling and nature conservation through play and creative work. In addition, the atmosphere will be enriched by performances by young musicians and dancers, who will turn the festival into a true spring celebration.</p>
<p>More information: <a style="font-size: revert" href="https://www.tzosijek.hr/stranica.php?id=1442" target="_blank" rel="noopener">www.tzosijek.hr</a></p>

<!-- This site is optimized with the Yoast SEO plugin v25.0 - https://yoast.com/wordpress/plugins/seo/ -->
<title>Flower and Tree Festival, Osijek - Turistička zajednica Osječko-baranjske županije</title>
<meta name="robots" content="index, follow, max-snippet:-1, max-image-preview:large, max-video-preview:-1" />
<link rel="canonical" href="https://visitslavoniabaranja.com/event/festival-cvijeca-i-drveca-u-osijeku/" />
<meta property="og:locale" content="en_US" />
<meta property="og:type" content="article" />
<meta property="og:title" content="Flower and Tree Festival, Osijek - Turistička zajednica Osječko-baranjske županije" />
<meta property="og:description" content="The 8th Flower and Tree Festival, which will be held in King Držislav Park from 25 to 27 April 2025, brings a rich program that celebrates nature, sustainability and togetherness. It is held with the aim of raising awareness of the importance of plant life and coexistence with nature, and visitors will have the opportunity [&hellip;]" />
<meta property="og:url" content="https://visitslavoniabaranja.com/event/festival-cvijeca-i-drveca-u-osijeku/" />
<meta property="og:site_name" content="Turistička zajednica Osječko-baranjske županije" />
<meta property="og:image" content="https://visitslavoniabaranja.com/wp-content/uploads/2025/04/festivalcvijecanovo.jpg" />
	<meta property="og:image:width" content="800" />
	<meta property="og:image:height" content="600" />
	<meta property="og:image:type" content="image/jpeg" />
<meta name="twitter:card" content="summary_large_image" />
<meta name="twitter:label1" content="Est. reading time" />
	<meta name="twitter:data1" content="1 minute" />
<script type="application/ld+json" class="yoast-schema-graph">{"@context":"https://schema.org","@graph":[{"@type":"WebPage","@id":"https://visitslavoniabaranja.com/event/festival-cvijeca-i-drveca-u-osijeku/","url":"https://visitslavoniabaranja.com/event/festival-cvijeca-i-drveca-u-osijeku/","name":"Flower and Tree Festival, Osijek - Turistička zajednica Osječko-baranjske županije","isPartOf":{"@id":"https://visitslavoniabaranja.com/#website"},"primaryImageOfPage":{"@id":"https://visitslavoniabaranja.com/event/festival-cvijeca-i-drveca-u-osijeku/#primaryimage"},"image":{"@id":"https://visitslavoniabaranja.com/event/festival-cvijeca-i-drveca-u-osijeku/#primaryimage"},"thumbnailUrl":"https://visitslavoniabaranja.com/wp-content/uploads/2026/04/TZOS_FestivalCvijeca26-Osijek.jpg","datePublished":"2026-04-01T13:48:18+00:00","breadcrumb":{"@id":"https://visitslavoniabaranja.com/event/festival-cvijeca-i-drveca-u-osijeku/#breadcrumb"},"inLanguage":"en-US","potentialAction":[{"@type":"ReadAction","target":["https://visitslavoniabaranja.com/event/festival-cvijeca-i-drveca-u-osijeku/"]}]},{"@type":"ImageObject","inLanguage":"en-US","@id":"https://visitslavoniabaranja.com/event/festival-cvijeca-i-drveca-u-osijeku/#primaryimage","url":"https://visitslavoniabaranja.com/wp-content/uploads/2026/04/TZOS_FestivalCvijeca26-Osijek.jpg","contentUrl":"https://visitslavoniabaranja.com/wp-content/uploads/2026/04/TZOS_FestivalCvijeca26-Osijek.jpg","width":800,"height":600},{"@type":"BreadcrumbList","@id":"https://visitslavoniabaranja.com/event/festival-cvijeca-i-drveca-u-osijeku/#breadcrumb","itemListElement":[{"@type":"ListItem","position":1,"name":"Početna stranica","item":"https://visitslavoniabaranja.com/en/"},{"@type":"ListItem","position":2,"name":"Flower and Tree Festival, Osijek"}]},{"@type":"WebSite","@id":"https://visitslavoniabaranja.com/#website","url":"https://visitslavoniabaranja.com/","name":"Turistička zajednica Osječko-baranjske županije","description":"","potentialAction":[{"@type":"SearchAction","target":{"@type":"EntryPoint","urlTemplate":"https://visitslavoniabaranja.com/?s={search_term_string}"},"query-input":{"@type":"PropertyValueSpecification","valueRequired":true,"valueName":"search_term_string"}}],"inLanguage":"en-US"}]}</script>
<!-- / Yoast SEO plugin. -->

Flower and Tree Festival, Osijek - Turistička zajednica Osječko-baranjske županije

The 8th Flower and Tree Festival, which will be held in King Držislav Park from 25 to 27 April 2025, brings a rich program that celebrates nature, sustainability and togetherness. It is held with the aim of raising awareness of the importance of plant life and coexistence with nature, and visitors will have the opportunity [&hellip;]

Turistička zajednica Osječko-baranjske županije

Početna stranica
